s digit of 9719215?
9
What is the units digit of 144670?
0
What is the tens digit of 16030313?
1
What is the hundreds digit of 473837?
8
What is the ten thousands digit of 758159?
5
What is the hundreds digit of 55701?
7
What is the thousands digit of 2436863?
6
What is the hundred thousands digit of 11245815?
2
What is the millions digit of 2321437?
2
What is the millions digit of 4974309?
4
What is the thousands digit of 24374462?
4
What is the tens digit of 6581867?
6
What is the tens digit of 4606942?
4
What is the hundreds digit of 24317782?
7
What is the hundred thousands digit of 4305770?
3
What is the ten thousands digit of 476824?
7
What is the units digit of 293458?
8
What is the thousands digit of 292795?
2
What is the tens digit of 105472?
7
What is the tens digit of 1734444?
4
What is the hundred thousands digit of 5566575?
5
What is the units digit of 259771?
1
What is the tens digit of 3492802?
0
What is the hundreds digit of 12570239?
2
What is the units digit of 204993?
3
What is the hundred thousands digit of 1928137?
9
What is the thousands digit of 2861458?
1
What is the thousands digit of 8570562?
0
What is the ten thousands digit of 277017?
7
What is the tens digit of 239375?
7
What is the millions digit of 1718746?
1
What is the ten thousands digit of 29012921?
1
What is the ten thousands digit of 953556?
5
What is the ten thousands digit of 178414?
7
What is the millions digit of 21976604?
1
What is the thousands digit of 428932?
8
What is the hundred thousands digit of 2880297?
8
What is the thousands digit of 844404?
4
What is the thousands digit of 156258?
6
What is the thousands digit of 173813?
3
What is the hundreds digit of 205770?
7
What is the units digit of 1343027?
7
What is the thousands digit of 247271?
7
What is the tens digit of 578292?
9
What is the thousands digit of 6201750?
1
What is the units digit of 525738?
8
What is the hundred thousands digit of 264048?
2
What is the hundred thousands digit of 20043316?
0
What is the units digit of 40603?
3
What is the units digit of 1547426?
6
What is the hundred thousands digit of 4544915?
5
What is the thousands digit of 22390128?
0
What is the tens digit of 29026?
2
What is the thousands digit of 25206180?
6
What is the hundreds digit of 2759975?
9
What is the ten thousands digit of 253005?
5
What is the hundred thousands digit of 1847945?
8
What is the ten thousands digit of 98118?
9
What is the ten thousands digit of 14303496?
0
What is the units digit of 2167820?
0
What is the thousands digit of 2324514?
4
What is the ten thousands digit of 5677975?
7
What is the millions digit of 1305779?
1
What is the units digit of 38309?
9
What is the ten thousands digit of 378227?
7
What is the thousands digit of 11193026?
3
What is the hundreds digit of 15680639?
6
What is the millions digit of 2644832?
2
What is the ten thousands digit of 6810654?
1
What is the tens digit of 542043?
4
What is the thousands digit of 26815193?
5
What is the hundreds digit of 4014188?
1
What is the millions digit of 32382254?
2
What is the ten thousands digit of 2716468?
1
What is the tens digit of 4583835?
3
What is the tens digit of 39176091?
9
What is the units digit of 113211?
1
What is the ten thousands digit of 4392711?
9
What is the ten thousands digit of 15280989?
8
What is the millions digit of 19496423?
9
What is the tens digit of 1133603?
0
What is the tens digit of 262895?
9
What is the tens digit of 4800289?
8
What is the units digit of 21509?
9
What is the thousands digit of 359578?
9
What is the ten thousands digit of 421649?
2
What is the millions digit of 4862513?
4
What is the units digit of 6884295?
5
What is the ten millions digit of 17989023?
1
What is the tens digit of 334749?
4
What is the thousands digit of 627414?
7
What is the thousands digit of 121325?
1
What is the hundred thousands digit of 398725?
3
What is the thousands digit of 1434548?
4
What is the units digit of 16615681?
1
What is the thousands digit of 1197806?
7
What is the tens digit of 90140?
4
What is the hundred thousands digit of 202720?
2
What is the hundreds digit of 19648907?
9
What is the thousands digit of 2058387?
8
What is the hundred thousands digit of 2436871?
4
What is the units digit of 1653608?
8
What is the thousands digit of 376980?
6
What is the tens digit of 32054?
5
What is the units digit of 14504310?
0
What is the millions digit of 15041649?
5
What is the hundred thousands digit of 1764495?
7
What is the hundred thousands digit of 487066?
4
What is the thousands digit of 6675211?
5
What is the thousands digit of 2573320?
3
What is the ten thousands digit of 3197552?
9
What is the tens digit of 355567?
6
What is the units digit of 11109668?
8
What is the units digit of 286725?
5
What is the thousands digit of 1778386?
8
What is the hundred thousands digit of 1570951?
5
What is the tens digit of 389900?
0
What is the ten thousands digit of 23861525?
6
What is the thousands digit of 1571228?
1
What is the hundreds digit of 214066?
0
What is the ten thousands digit of 1222034?
2
What is the millions digit of 5711529?
5
What is the millions digit of 6856184?
6
What is the tens digit of 3408551?
5
What is the tens digit of 30201?
0
What is the ten thousands digit of 9105870?
0
What is the ten thousands digit of 2714263?
1
What is the hundreds digit of 40518?
5
What is the ten thousands digit of 4502873?
0
What is the tens digit of 4287?
8
What is the hundred thousands digit of 7608183?
6
What is the thousands digit of 10228973?
8
What is the ten thousands digit of 6942082?
4
What is the hundreds digit of 13801255?
2
What is the ten thousands digit of 269678?
6
What is the thousands digit of 40138448?
8
What is the thousands digit of 2683446?
3
What is the hundreds digit of 4330984?
9
What is the millions digit of 1464045?
1
What is the tens digit of 3140807?
0
What is the ten thousands digit of 17396130?
9
What is the ten thousands digit of 354603?
5
What is the thousands digit of 681787?
1
What is the units digit of 525624?
4
What is the ten thousands digit of 6656577?
5
What is the hundred thousands digit of 303861?
3
What is the thousands digit of 203017?
3
What is the thousands digit of 18117764?
7
What is the ten thousands digit of 1547218?
4
What is the ten thousands digit of 2618734?
1
What is the tens digit of 60241?
4
What is the units digit of 5142914?
4
What is the ten thousands digit of 9300372?
0
What is the ten thousands digit of 22679835?
7
What is the tens digit of 6057830?
3
What is the tens digit of 301717?
1
What is the hundred thousands digit of 215292?
2
What is the thousands digit of 1231296?
1
What is the units digit of 588940?
0
What is the hundred thousands digit of 853382?
8
What is the ten thousands digit of 16755392?
5
What is the tens digit of 98055?
5
What is the thousands digit of 267364?
7
What is the hundred thousands digit of 2792759?
7
What is the hundred thousands digit of 875190?
8
What is the thousands digit of 2622657?
2
What is the ten thousands digit of 20043?
2
What is the hundreds digit of 9570466?
4
What is the units digit of 10576302?
2
What is the thousands digit of 1982330?
2
What is the hundreds digit of 436885?
8
What is the thousands digit of 6979106?
9
What is the hundred thousands digit of 4151383?
1
What is the ten thousands digit of 196581?
9
What is the tens digit of 12240949?
4
What is the ten thousands digit of 49120?
4
What is the hundreds digit of 6263495?
4
What is the tens digit of 235968?
6
What is the tens digit of 4523870?
7
What is the millions digit of 1114099?
1
What is the hundreds digit of 461397?
3
What is the tens digit of 261806?
0
What is the thousands digit of 520841?
0
What is the ten thousands digit of 2373250?
7
What is the hundreds digit of 1255909?
9
What is the hundreds digit of 1819764?
7
What is the units digit of 2643883?
3
What is the hundred thousands digit of 973512?
9
What is the ten thousands digit of 24539?
2
What is the ten thousands digit of 3146719?
4
What is the units digit of 24444815?
5
What is the hundreds digit of 3685252?
2
What is the tens digit of 13908974?
7
What is the thousands digit of 28002537?
2
What is the thousands digit of 2692386?
2
What is the thousands digit of 1011